{"id":463,"date":"2023-04-06T11:45:30","date_gmt":"2023-04-06T11:45:30","guid":{"rendered":"https:\/\/altes-hinterhaeusel.de\/schusterei\/?page_id=463"},"modified":"2023-11-09T15:26:14","modified_gmt":"2023-11-09T15:26:14","slug":"zur-geschichte","status":"publish","type":"page","link":"https:\/\/altes-hinterhaeusel.de\/schusterei\/zur-geschichte\/","title":{"rendered":"Zur Geschichte"},"content":{"rendered":"\n<p>Unser Haus, welches sich in der historischen Altstadt von Freiberg befindet, wurde 1888 im Gr\u00fcnderzeitstil erbaut und von 2016 bis 2020 grundlegend saniert. Bis in die Neunziger Jahre befand sich in unserer Unterkunft einer der letzten Schuster von Freiberg. 2022 wurde der Umbau des Ladengesch\u00e4ftes in eine gem\u00fctliche Ferienwohnung abgeschlossen, wobei das Augenmerk auf die Erhaltung des historischen Ambientes lag, ohne dabei auf die Annehmlichkeiten von heute verzichten zu m\u00fcssen. Altes und neues wurde hier liebevoll zusammengef\u00fcgt. Ausgestattet mit zwei bequemen Boxspringbetten, zwei riesigen 65 Zoll Flachbild TV-Bildschirmen, K\u00fcche sowie Balkon, macht es den Aufenthalt zu etwas Besonderen. 2 Parkpl\u00e4tze stehen unseren G\u00e4sten kostenfrei zur Verf\u00fcgung, bei Buchung inklusive des Fr\u00fchs\u00fccks laden wir sie in das benachbarte Hotel ein, in dem ihnen ein leckeres Buffet zur Verf\u00fcgung steht.<\/p>\n\n\n\n<h2 class=\"wp-block-heading\">Herzlich Willkommen in unserer &#8222;Alten Schusterei&#8220;.<\/h2>\n\n\n\n<figure class=\"wp-block-image size-large\"><img loading=\"lazy\" decoding=\"async\" width=\"1024\" height=\"683\" src=\"https:\/\/altes-hinterhaeusel.de\/schusterei\/wp-content\/uploads\/2023\/03\/20221015104545_IMG_6724-1024x683.jpg\" alt=\"\" class=\"wp-image-399\" srcset=\"https:\/\/altes-hinterhaeusel.de\/schusterei\/wp-content\/uploads\/2023\/03\/20221015104545_IMG_6724-1024x683.jpg 1024w, https:\/\/altes-hinterhaeusel.de\/schusterei\/wp-content\/uploads\/2023\/03\/20221015104545_IMG_6724-300x200.jpg 300w, https:\/\/altes-hinterhaeusel.de\/schusterei\/wp-content\/uploads\/2023\/03\/20221015104545_IMG_6724-768x512.jpg 768w, https:\/\/altes-hinterhaeusel.de\/schusterei\/wp-content\/uploads\/2023\/03\/20221015104545_IMG_6724-1536x1024.jpg 1536w, https:\/\/altes-hinterhaeusel.de\/schusterei\/wp-content\/uploads\/2023\/03\/20221015104545_IMG_6724-930x620.jpg 930w, https:\/\/altes-hinterhaeusel.de\/schusterei\/wp-content\/uploads\/2023\/03\/20221015104545_IMG_6724.jpg 1600w\" sizes=\"auto, (max-width: 1024px) 100vw, 1024px\" \/><\/figure>\n\n\n\n<p><\/p>\n\n\n\n<p>2012 er\u00f6ffneten wir unsere erste Ferienwohnung, das &#8222;Alte Hinterh\u00e4usel&#8220;, welche wir seit dem mit viel Engagement betreiben. Bereits seit 1991 sind wir in der Gastronomie t\u00e4tig. Alte historische Geb\u00e4ude fanden wir schon immer faszinierend, auch das St\u00f6bern auf Tr\u00f6delm\u00e4rkten war viele Jahre eines unserer Hobbys. Viele Gegenst\u00e4nde finden sie, liebevoll restauriert, in und auch au\u00dferhalb unserer Unterk\u00fcnfte. Da jedoch im Laufe der Jahre so viel antike Gegenst\u00e4nde zusammengekommen sind, er\u00f6ffneten wir im November 2022 unser zweites Apartment, die&#8220; Alte Schusterei&#8220;, in dem sich das Flair von damals mit dem &#8222;Luxus&#8220; von heute verbindet. Lassen sie sich einladen, auf eine Reise in vergangene Tage und sein sie unsere G\u00e4ste. Das gesamte Team der &#8222;Alten Schusterei&#8220; sowie des &#8222;Alten Hinterh\u00e4usels&#8220; freut sich auf ihren Besuch.<\/p>\n\n\n\n<p>Unser Apartment befindet sich nur wenige Schritte von einem der \u00e4ltesten Stadtviertel von Freiberg entfernt, wo im Jahre 1168 die Erfolgsgeschichte von Freiberg mit dem Sch\u00fcppchenberger Silberfund begann. Heute befindet sich eine Gedenktafel an diesem Ort. Fuhrleute sollen bei ihrer Reise Richtung Prag auf dem zerfurchten Weg ein St\u00fcck Silbererz gefunden haben. Der Fund f\u00fchrte schnell zur Gr\u00fcndung einer bergm\u00e4nnischen Siedlung. Und die Nachricht, dass hier der \u201eBerg frey\u201c sei, f\u00fchrte schlie\u00dflich zum Ursprung der sp\u00e4teren Bergstadt Freiberg. Unterst\u00fctzt vor allem von Markgraf Otto von Mei\u00dfen, der gro\u00dfes finanzielles Interesse am Aufleben des Bergbaus hatte. In unmittelbarer Umgebung unseres Hauses finden sie auch viele urige Gastst\u00e4tten. Das Kartoffelhaus am Sch\u00fcppchenberg, Himmel und H\u00f6lle oder auch die Stadtwirtschaft sind nur einige Empfehlungen. Ein Edeka Markt steht ihnen nur wenige Gehminuten f\u00fcr ihre Eink\u00e4ufe zur Verf\u00fcgung. Die Altstadt k\u00f6nnen sie am besten mit unserer Bimmelbahn erkunden, welche ihren Haltepunkt an der Touristen Information am Schlo\u00dfplatz hat. Ebenfalls an diesem Platze befindet sich das Schlo\u00df Freudenstein, welches eine der weltgr\u00f6\u00dften Mineraliensammlungen beherbergt. Aber auf keinen Fall sollten sie ihre Heimreise antreten, ohne die ber\u00fchmte Freiberger Eierschecke probiert zu haben. Diese darf nur hier gebacken werden und ist zudem \u00e4u\u00dferst lecker.<\/p>\n","protected":false},"excerpt":{"rendered":"<p>Unser Haus, welches sich in der historischen Altstadt von Freiberg befindet, wurde 1888 im Gr\u00fcnderzeitstil erbaut und von 2016 bis 2020 grundlegend saniert. Bis in die Neunziger Jahre befand sich in unserer Unterkunft einer der letzten Schuster von Freiberg. 2022 wurde der Umbau des Ladengesch\u00e4ftes in eine gem\u00fctliche Ferienwohnung abgeschlossen, wobei das Augenmerk auf die&hellip;&nbsp;<a href=\"https:\/\/altes-hinterhaeusel.de\/schusterei\/zur-geschichte\/\" rel=\"bookmark\">Weiterlesen &raquo;<span class=\"screen-reader-text\">Zur Geschichte<\/span><\/a><\/p>\n","protected":false},"author":1,"featured_media":0,"parent":0,"menu_order":0,"comment_status":"closed","ping_status":"closed","template":"","meta":{"neve_meta_sidebar":"","neve_meta_container":"","neve_meta_enable_content_width":"","neve_meta_content_width":0,"neve_meta_title_alignment":"","neve_meta_author_avatar":"","neve_post_elements_order":"","neve_meta_disable_header":"","neve_meta_disable_footer":"","neve_meta_disable_title":"","_themeisle_gutenberg_block_has_review":false,"footnotes":""},"class_list":["post-463","page","type-page","status-publish","hentry"],"_links":{"self":[{"href":"https:\/\/altes-hinterhaeusel.de\/schusterei\/wp-json\/wp\/v2\/pages\/463","targetHints":{"allow":["GET"]}}],"collection":[{"href":"https:\/\/altes-hinterhaeusel.de\/schusterei\/wp-json\/wp\/v2\/pages"}],"about":[{"href":"https:\/\/altes-hinterhaeusel.de\/schusterei\/wp-json\/wp\/v2\/types\/page"}],"author":[{"embeddable":true,"href":"https:\/\/altes-hinterhaeusel.de\/schusterei\/wp-json\/wp\/v2\/users\/1"}],"replies":[{"embeddable":true,"href":"https:\/\/altes-hinterhaeusel.de\/schusterei\/wp-json\/wp\/v2\/comments?post=463"}],"version-history":[{"count":4,"href":"https:\/\/altes-hinterhaeusel.de\/schusterei\/wp-json\/wp\/v2\/pages\/463\/revisions"}],"predecessor-version":[{"id":503,"href":"https:\/\/altes-hinterhaeusel.de\/schusterei\/wp-json\/wp\/v2\/pages\/463\/revisions\/503"}],"wp:attachment":[{"href":"https:\/\/altes-hinterhaeusel.de\/schusterei\/wp-json\/wp\/v2\/media?parent=463"}],"curies":[{"name":"wp","href":"https:\/\/api.w.org\/{rel}","templated":true}]}}