{"id":308,"date":"2020-01-13T11:17:52","date_gmt":"2020-01-13T11:17:52","guid":{"rendered":"https:\/\/demosites.io\/web-agency-gb\/?page_id=5"},"modified":"2026-03-05T09:28:46","modified_gmt":"2026-03-05T09:28:46","slug":"15c42-web-agency-gb-home","status":"publish","type":"page","link":"https:\/\/altes-hinterhaeusel.de\/schusterei\/","title":{"rendered":"Apartment Alte Schusterei"},"content":{"rendered":"\n<div class=\"wp-block-cover alignfull\" style=\"min-height:700px;aspect-ratio:unset;\"><img loading=\"lazy\" decoding=\"async\" width=\"1600\" height=\"1067\" class=\"wp-block-cover__image-background wp-image-367\" alt=\"\" src=\"https:\/\/altes-hinterhaeusel.de\/schusterei\/wp-content\/uploads\/2023\/03\/20221015103324_IMG_6677.jpg\" style=\"object-position:57% 45%\" data-object-fit=\"cover\" data-object-position=\"57% 45%\" srcset=\"https:\/\/altes-hinterhaeusel.de\/schusterei\/wp-content\/uploads\/2023\/03\/20221015103324_IMG_6677.jpg 1600w, https:\/\/altes-hinterhaeusel.de\/schusterei\/wp-content\/uploads\/2023\/03\/20221015103324_IMG_6677-300x200.jpg 300w, https:\/\/altes-hinterhaeusel.de\/schusterei\/wp-content\/uploads\/2023\/03\/20221015103324_IMG_6677-1024x683.jpg 1024w, https:\/\/altes-hinterhaeusel.de\/schusterei\/wp-content\/uploads\/2023\/03\/20221015103324_IMG_6677-768x512.jpg 768w, https:\/\/altes-hinterhaeusel.de\/schusterei\/wp-content\/uploads\/2023\/03\/20221015103324_IMG_6677-1536x1024.jpg 1536w, https:\/\/altes-hinterhaeusel.de\/schusterei\/wp-content\/uploads\/2023\/03\/20221015103324_IMG_6677-930x620.jpg 930w\" sizes=\"auto, (max-width: 1600px) 100vw, 1600px\" \/><span aria-hidden=\"true\" class=\"wp-block-cover__background has-background-dim-0 has-background-dim\"><\/span><div class=\"wp-block-cover__inner-container is-layout-flow wp-block-cover-is-layout-flow\">\n<div style=\"height:80px\" aria-hidden=\"true\" class=\"wp-block-spacer\"><\/div>\n\n\n\n<h1 class=\"wp-block-heading has-text-align-center has-neve-link-color-color has-text-color\">Apartment Alte Schusterei<\/h1>\n\n\n\n<p class=\"has-text-align-center has-custom-1-color has-text-color\" style=\"font-size:35px\">Modern wohnen im alten Design<\/p>\n\n\n\n<div class=\"wp-block-buttons is-horizontal is-content-justification-center is-layout-flex wp-container-core-buttons-is-layout-499968f5 wp-block-buttons-is-layout-flex\"><\/div>\n\n\n\n<div style=\"height:80px\" aria-hidden=\"true\" class=\"wp-block-spacer\"><\/div>\n\n\n\n<div style=\"height:80px\" aria-hidden=\"true\" class=\"wp-block-spacer\"><\/div>\n<\/div><\/div>\n\n\n\n<div style=\"height:80px\" aria-hidden=\"true\" class=\"wp-block-spacer\"><\/div>\n\n\n\n<div class=\"wp-block-columns is-layout-flex wp-container-core-columns-is-layout-9d6595d7 wp-block-columns-is-layout-flex\">\n<div class=\"wp-block-column is-layout-flow wp-block-column-is-layout-flow\"><div class=\"wp-block-image icon-style is-style-rounded\">\n<figure class=\"aligncenter size-large\"><img decoding=\"async\" src=\"https:\/\/altes-hinterhaeusel.de\/schusterei\/wp-content\/uploads\/2020\/01\/neve-webdesign-GB-03.png\" alt=\"\" class=\"wp-image-20\" title=\"\"\/><\/figure>\n<\/div>\n\n\n<h3 class=\"wp-block-heading has-text-align-center has-neve-text-color-color has-text-color\">Stadtn\u00e4he<\/h3>\n\n\n\n<p class=\"has-text-align-center\">Erkunden Sie von hier aus alle relevanten Sehensw\u00fcrdigkeiten der Stadt.<\/p>\n\n\n\n<p>Das Apartment Alte Schusterei begr\u00fc\u00dft Sie im historischen Stadtzentrum von Freiberg. Zum Bahnhof sind es 1,2 km, den Obermarkt mit Rathaus erreichen Sie in 300 m, der Untermarkt mit Freiberger Dom ist 350 m entfernt. Die Lage zwischen Dresden, Mei\u00dfen, und Chemnitz macht Freiberg zu einem zentralen Ausgangspunkt f\u00fcr Unternehmungen. <\/p>\n\n\n\n<div style=\"height:20px\" aria-hidden=\"true\" class=\"wp-block-spacer\"><\/div>\n<\/div>\n\n\n\n<div class=\"wp-block-column is-layout-flow wp-block-column-is-layout-flow\"><div class=\"wp-block-image icon-style is-style-rounded\">\n<figure class=\"aligncenter size-large\"><img decoding=\"async\" src=\"https:\/\/altes-hinterhaeusel.de\/schusterei\/wp-content\/uploads\/2020\/01\/neve-webdesign-GB-04.png\" alt=\"\" class=\"wp-image-21\"\/><\/figure>\n<\/div>\n\n\n<h3 class=\"wp-block-heading has-text-align-center has-neve-text-color-color has-text-color\">Wohnen wie zu Hause<\/h3>\n\n\n\n<p class=\"has-text-align-center\">Mit allem, was Sie sich w\u00fcnschen.<br>Parkpl\u00e4tze vorhanden.<\/p>\n\n\n\n<p>Das Apartment mit Balkon und Hofblick verf\u00fcgt \u00fcber 1 Schlafzimmer, 1 Wohnzimmer mit 2 bequemen Boxspringbetten. 2 riesige Flachbild-TV sorgen f\u00fcr entsprechende Abendunterhaltung. Sie profitieren von kostenlosen Privatparkpl\u00e4tzen sowie kostenfreiem WLAN.<\/p>\n<\/div>\n\n\n\n<div class=\"wp-block-column is-layout-flow wp-block-column-is-layout-flow\"><div class=\"wp-block-image icon-style is-style-rounded\">\n<figure class=\"aligncenter size-full\"><img loading=\"lazy\" decoding=\"async\" width=\"72\" height=\"72\" src=\"https:\/\/altes-hinterhaeusel.de\/schusterei\/wp-content\/uploads\/2023\/03\/broetchen-1.png\" alt=\"\" class=\"wp-image-425\"\/><\/figure>\n<\/div>\n\n\n<h3 class=\"wp-block-heading has-text-align-center has-neve-text-color-color has-text-color\">Service<\/h3>\n\n\n\n<p class=\"has-text-align-center\">F\u00fchst\u00fcck auf Wunsch im benachbarten Hotel.<\/p>\n\n\n\n<p>   <br>Zum Preis von 20,00 EUR pro Person und Nacht steht unseren G\u00e4sten im benachbarten Hotel (ca. 50 m) ein leckeres F\u00fchst\u00fccksb\u00fcfett bereit.<\/p>\n\n\n\n<div style=\"height:20px\" aria-hidden=\"true\" class=\"wp-block-spacer\"><\/div>\n<\/div>\n<\/div>\n\n\n\n<p class=\"has-text-align-center has-large-font-size\"><a href=\"https:\/\/reservation.one.dirs21.de\/altes-hinterhaeuselde?\" target=\"_blank\" rel=\"noreferrer noopener\"><strong>Wir freuen uns auf Ihre Buchung in unserem Apartment oder<\/strong><\/a><\/p>\n\n\n\n<p class=\"has-text-align-center has-large-font-size\"><a href=\"https:\/\/reservation.one.dirs21.de\/altes-hinterhaeuselde?\" target=\"_blank\" rel=\"noreferrer noopener\"><strong>anderen Zimmern des Hinterh\u00e4usel Ensembles!<\/strong><\/a><\/p>\n\n\n\n<p><\/p>\n\n\n\n<!-- Specific -->\n<div class=\"d21-quickbook\" d21-widget-uuid=\"efaf2aeb-29eb-ec9a-c4f3-81235da6018c\"><\/div>\n\n\n\n<div class=\"wp-block-cover alignfull\" style=\"min-height:600px;aspect-ratio:unset;\"><span aria-hidden=\"true\" class=\"wp-block-cover__background has-nv-light-bg-background-color has-background-dim-100 has-background-dim\"><\/span><div class=\"wp-block-cover__inner-container is-layout-flow wp-block-cover-is-layout-flow\">\n<div class=\"wp-block-group\"><div class=\"wp-block-group__inner-container is-layout-flow wp-block-group-is-layout-flow\">\n<div class=\"wp-block-columns are-vertically-aligned-center is-layout-flex wp-container-core-columns-is-layout-9d6595d7 wp-block-columns-is-layout-flex\">\n<div class=\"wp-block-column is-vertically-aligned-center is-layout-flow wp-block-column-is-layout-flow\" style=\"flex-basis:50%\">\n<figure class=\"wp-block-image size-large\"><img loading=\"lazy\" decoding=\"async\" width=\"1024\" height=\"683\" src=\"https:\/\/altes-hinterhaeusel.de\/schusterei\/wp-content\/uploads\/2023\/03\/20221015111302_IMG_6794-1024x683.jpg\" alt=\"\" class=\"wp-image-379\" srcset=\"https:\/\/altes-hinterhaeusel.de\/schusterei\/wp-content\/uploads\/2023\/03\/20221015111302_IMG_6794-1024x683.jpg 1024w, https:\/\/altes-hinterhaeusel.de\/schusterei\/wp-content\/uploads\/2023\/03\/20221015111302_IMG_6794-300x200.jpg 300w, https:\/\/altes-hinterhaeusel.de\/schusterei\/wp-content\/uploads\/2023\/03\/20221015111302_IMG_6794-768x512.jpg 768w, https:\/\/altes-hinterhaeusel.de\/schusterei\/wp-content\/uploads\/2023\/03\/20221015111302_IMG_6794-1536x1024.jpg 1536w, https:\/\/altes-hinterhaeusel.de\/schusterei\/wp-content\/uploads\/2023\/03\/20221015111302_IMG_6794-930x620.jpg 930w, https:\/\/altes-hinterhaeusel.de\/schusterei\/wp-content\/uploads\/2023\/03\/20221015111302_IMG_6794.jpg 1600w\" sizes=\"auto, (max-width: 1024px) 100vw, 1024px\" \/><\/figure>\n<\/div>\n\n\n\n<div class=\"wp-block-column is-vertically-aligned-center is-layout-flow wp-block-column-is-layout-flow\" style=\"flex-basis:50%\">\n<div style=\"height:20px\" aria-hidden=\"true\" class=\"wp-block-spacer\"><\/div>\n\n\n\n<h2 class=\"wp-block-heading has-text-align-left has-neve-text-color-color has-text-color\">K\u00fcche mit allem drum und dran<\/h2>\n\n\n\n<p class=\"has-text-align-left has-neve-text-color-color has-text-color\" style=\"font-size:17px\">Verw\u00f6hnen Sie sich mit eigenen Kreationen.<\/p>\n\n\n\n<p class=\"has-neve-text-color-color has-text-color\">Des weiteren verf\u00fcgt unsere Schusterei \u00fcber eine voll ausgestattete K\u00fcche mit einem Backofen, Herd, K\u00fchlschrank, Mikrowelle, Kaffemaschine etc.<\/p>\n<\/div>\n<\/div>\n<\/div><\/div>\n<\/div><\/div>\n\n\n\n<div class=\"wp-block-cover alignfull\" style=\"min-height:556px;aspect-ratio:unset;\"><span aria-hidden=\"true\" class=\"wp-block-cover__background has-nv-site-bg-background-color has-background-dim-100 has-background-dim\"><\/span><div class=\"wp-block-cover__inner-container is-layout-flow wp-block-cover-is-layout-flow\">\n<div class=\"wp-block-group\"><div class=\"wp-block-group__inner-container is-layout-flow wp-block-group-is-layout-flow\">\n<div style=\"height:0px\" aria-hidden=\"true\" class=\"wp-block-spacer\"><\/div>\n\n\n\n<div class=\"wp-block-columns are-vertically-aligned-center is-layout-flex wp-container-core-columns-is-layout-9d6595d7 wp-block-columns-is-layout-flex\">\n<div class=\"wp-block-column is-vertically-aligned-center is-layout-flow wp-block-column-is-layout-flow\" style=\"flex-basis:50%\">\n<h2 class=\"wp-block-heading has-text-align-left has-neve-text-color-color has-text-color\">Luxus-Bad<\/h2>\n\n\n\n<p class=\"has-text-align-left has-neve-text-color-color has-text-color\" style=\"font-size:17px\">Erfrischung nach Erkundung der Stadt <\/p>\n\n\n\n<p class=\"has-text-align-left has-neve-text-color-color has-text-color\" style=\"font-size:17px\">In unserem Bad finden Sie inklusive Pflegeprodukte, F\u00f6n, Waschmaschine, Dusche mit Handt\u00fcchern und Duscht\u00fcchern.<\/p>\n<\/div>\n\n\n\n<div class=\"wp-block-column is-vertically-aligned-center is-layout-flow wp-block-column-is-layout-flow\" style=\"flex-basis:50%\">\n<figure class=\"wp-block-image size-large\"><img loading=\"lazy\" decoding=\"async\" width=\"1024\" height=\"683\" src=\"https:\/\/altes-hinterhaeusel.de\/schusterei\/wp-content\/uploads\/2023\/03\/20221015102122_IMG_6650-1024x683.jpg\" alt=\"\" class=\"wp-image-380\" srcset=\"https:\/\/altes-hinterhaeusel.de\/schusterei\/wp-content\/uploads\/2023\/03\/20221015102122_IMG_6650-1024x683.jpg 1024w, https:\/\/altes-hinterhaeusel.de\/schusterei\/wp-content\/uploads\/2023\/03\/20221015102122_IMG_6650-300x200.jpg 300w, https:\/\/altes-hinterhaeusel.de\/schusterei\/wp-content\/uploads\/2023\/03\/20221015102122_IMG_6650-768x512.jpg 768w, https:\/\/altes-hinterhaeusel.de\/schusterei\/wp-content\/uploads\/2023\/03\/20221015102122_IMG_6650-1536x1024.jpg 1536w, https:\/\/altes-hinterhaeusel.de\/schusterei\/wp-content\/uploads\/2023\/03\/20221015102122_IMG_6650-930x620.jpg 930w, https:\/\/altes-hinterhaeusel.de\/schusterei\/wp-content\/uploads\/2023\/03\/20221015102122_IMG_6650.jpg 1600w\" sizes=\"auto, (max-width: 1024px) 100vw, 1024px\" \/><\/figure>\n<\/div>\n<\/div>\n\n\n\n<div style=\"height:0px\" aria-hidden=\"true\" class=\"wp-block-spacer\"><\/div>\n<\/div><\/div>\n<\/div><\/div>\n\n\n\n<div class=\"wp-block-cover alignfull\" style=\"min-height:600px;aspect-ratio:unset;\"><span aria-hidden=\"true\" class=\"wp-block-cover__background has-nv-dark-bg-background-color has-background-dim-100 has-background-dim\"><\/span><div class=\"wp-block-cover__inner-container is-layout-flow wp-block-cover-is-layout-flow\">\n<div class=\"wp-block-group\"><div class=\"wp-block-group__inner-container is-layout-flow wp-block-group-is-layout-flow\">\n<div style=\"height:80px\" aria-hidden=\"true\" class=\"wp-block-spacer\"><\/div>\n\n\n\n<div class=\"wp-block-columns are-vertically-aligned-center is-layout-flex wp-container-core-columns-is-layout-9d6595d7 wp-block-columns-is-layout-flex\">\n<div class=\"wp-block-column is-vertically-aligned-center is-layout-flow wp-block-column-is-layout-flow\" style=\"flex-basis:50%\">\n<div class=\"wp-block-cover\"><img loading=\"lazy\" decoding=\"async\" width=\"683\" height=\"1024\" class=\"wp-block-cover__image-background wp-image-381\" alt=\"\" src=\"https:\/\/altes-hinterhaeusel.de\/schusterei\/wp-content\/uploads\/2023\/03\/20221015105131_IMG_6747-683x1024.jpg\" style=\"object-position:71% 45%\" data-object-fit=\"cover\" data-object-position=\"71% 45%\" srcset=\"https:\/\/altes-hinterhaeusel.de\/schusterei\/wp-content\/uploads\/2023\/03\/20221015105131_IMG_6747-683x1024.jpg 683w, https:\/\/altes-hinterhaeusel.de\/schusterei\/wp-content\/uploads\/2023\/03\/20221015105131_IMG_6747-200x300.jpg 200w, https:\/\/altes-hinterhaeusel.de\/schusterei\/wp-content\/uploads\/2023\/03\/20221015105131_IMG_6747-768x1152.jpg 768w, https:\/\/altes-hinterhaeusel.de\/schusterei\/wp-content\/uploads\/2023\/03\/20221015105131_IMG_6747-1024x1536.jpg 1024w, https:\/\/altes-hinterhaeusel.de\/schusterei\/wp-content\/uploads\/2023\/03\/20221015105131_IMG_6747.jpg 1067w\" sizes=\"auto, (max-width: 683px) 100vw, 683px\" \/><span aria-hidden=\"true\" class=\"wp-block-cover__background has-background-dim\"><\/span><div class=\"wp-block-cover__inner-container is-layout-flow wp-block-cover-is-layout-flow\">\n<p class=\"has-text-align-center has-large-font-size\"><\/p>\n<\/div><\/div>\n<\/div>\n\n\n\n<div class=\"wp-block-column is-vertically-aligned-center is-layout-flow wp-block-column-is-layout-flow\" style=\"flex-basis:50%\">\n<div style=\"height:40px\" aria-hidden=\"true\" class=\"wp-block-spacer\"><\/div>\n\n\n\n<h2 class=\"wp-block-heading has-text-align-left has-nv-text-dark-bg-color has-text-color\">Wir achten auf Details<\/h2>\n\n\n\n<p class=\"has-text-align-left has-nv-text-dark-bg-color has-text-color\" style=\"font-size:17px\">F\u00fchlen Sie sich wohl in einer angenehmen Umgebung.<\/p>\n\n\n\n<div class=\"wp-block-buttons is-horizontal is-content-justification-left is-layout-flex wp-container-core-buttons-is-layout-7e5fce0a wp-block-buttons-is-layout-flex\">\n<div class=\"wp-block-button is-style-primary\"><a class=\"wp-block-button__link wp-element-button\" href=\"https:\/\/altes-hinterhaeusel.de\/schusterei\/impressionen\/\">Weitere Impressionen<\/a><\/div>\n<\/div>\n<\/div>\n<\/div>\n\n\n\n<div style=\"height:50px\" aria-hidden=\"true\" class=\"wp-block-spacer\"><\/div>\n<\/div><\/div>\n<\/div><\/div>\n\n\n\n<div class=\"wp-block-cover alignfull\" style=\"min-height:641px;aspect-ratio:unset;\"><span aria-hidden=\"true\" class=\"wp-block-cover__background has-nv-site-bg-background-color has-background-dim-100 has-background-dim\"><\/span><div class=\"wp-block-cover__inner-container is-layout-flow wp-block-cover-is-layout-flow\">\n<div class=\"wp-block-group\"><div class=\"wp-block-group__inner-container is-layout-flow wp-block-group-is-layout-flow\">\n<div style=\"height:0px\" aria-hidden=\"true\" class=\"wp-block-spacer\"><\/div>\n\n\n\n<h2 class=\"wp-block-heading has-neve-text-color-color has-text-color\">Einblicke<\/h2>\n\n\n\n<div style=\"height:0px\" aria-hidden=\"true\" class=\"wp-block-spacer\"><\/div>\n\n\n\n<div class=\"wp-block-columns are-vertically-aligned-center is-layout-flex wp-container-core-columns-is-layout-9d6595d7 wp-block-columns-is-layout-flex\">\n<div class=\"wp-block-column is-vertically-aligned-center is-layout-flow wp-block-column-is-layout-flow\" style=\"flex-basis:50%\">\n<div class=\"wp-block-cover\" style=\"min-height:327px;aspect-ratio:unset;\"><img loading=\"lazy\" decoding=\"async\" width=\"1024\" height=\"683\" class=\"wp-block-cover__image-background wp-image-384\" alt=\"\" src=\"https:\/\/altes-hinterhaeusel.de\/schusterei\/wp-content\/uploads\/2023\/03\/20221015101951_IMG_6645-1024x683.jpg\" style=\"object-position:63% 40%\" data-object-fit=\"cover\" data-object-position=\"63% 40%\" srcset=\"https:\/\/altes-hinterhaeusel.de\/schusterei\/wp-content\/uploads\/2023\/03\/20221015101951_IMG_6645-1024x683.jpg 1024w, https:\/\/altes-hinterhaeusel.de\/schusterei\/wp-content\/uploads\/2023\/03\/20221015101951_IMG_6645-300x200.jpg 300w, https:\/\/altes-hinterhaeusel.de\/schusterei\/wp-content\/uploads\/2023\/03\/20221015101951_IMG_6645-768x512.jpg 768w, https:\/\/altes-hinterhaeusel.de\/schusterei\/wp-content\/uploads\/2023\/03\/20221015101951_IMG_6645-1536x1024.jpg 1536w, https:\/\/altes-hinterhaeusel.de\/schusterei\/wp-content\/uploads\/2023\/03\/20221015101951_IMG_6645-930x620.jpg 930w, https:\/\/altes-hinterhaeusel.de\/schusterei\/wp-content\/uploads\/2023\/03\/20221015101951_IMG_6645.jpg 1600w\" sizes=\"auto, (max-width: 1024px) 100vw, 1024px\" \/><span aria-hidden=\"true\" class=\"wp-block-cover__background has-background-dim\"><\/span><div class=\"wp-block-cover__inner-container is-layout-flow wp-block-cover-is-layout-flow\">\n<p class=\"has-text-align-center has-large-font-size\"><a href=\"https:\/\/altes-hinterhaeusel.de\/schusterei\/impressionen\/\" data-type=\"page\" data-id=\"69\">Impressionen<\/a><\/p>\n<\/div><\/div>\n\n\n\n<div style=\"height:41px\" aria-hidden=\"true\" class=\"wp-block-spacer\"><\/div>\n<\/div>\n\n\n\n<div class=\"wp-block-column is-vertically-aligned-center is-layout-flow wp-block-column-is-layout-flow\" style=\"flex-basis:50%\">\n<div class=\"wp-block-cover\" style=\"min-height:328px;aspect-ratio:unset;\"><img loading=\"lazy\" decoding=\"async\" width=\"683\" height=\"1024\" class=\"wp-block-cover__image-background wp-image-385\" alt=\"\" src=\"https:\/\/altes-hinterhaeusel.de\/schusterei\/wp-content\/uploads\/2023\/03\/20221015110333_IMG_6775-683x1024.jpg\" style=\"object-position:46% 63%\" data-object-fit=\"cover\" data-object-position=\"46% 63%\" srcset=\"https:\/\/altes-hinterhaeusel.de\/schusterei\/wp-content\/uploads\/2023\/03\/20221015110333_IMG_6775-683x1024.jpg 683w, https:\/\/altes-hinterhaeusel.de\/schusterei\/wp-content\/uploads\/2023\/03\/20221015110333_IMG_6775-200x300.jpg 200w, https:\/\/altes-hinterhaeusel.de\/schusterei\/wp-content\/uploads\/2023\/03\/20221015110333_IMG_6775-768x1152.jpg 768w, https:\/\/altes-hinterhaeusel.de\/schusterei\/wp-content\/uploads\/2023\/03\/20221015110333_IMG_6775-1024x1536.jpg 1024w, https:\/\/altes-hinterhaeusel.de\/schusterei\/wp-content\/uploads\/2023\/03\/20221015110333_IMG_6775.jpg 1067w\" sizes=\"auto, (max-width: 683px) 100vw, 683px\" \/><span aria-hidden=\"true\" class=\"wp-block-cover__background has-background-dim\"><\/span><div class=\"wp-block-cover__inner-container is-layout-flow wp-block-cover-is-layout-flow\">\n<p class=\"has-text-align-center has-large-font-size\"><a href=\"https:\/\/altes-hinterhaeusel.de\/schusterei\/impressionen\/\" data-type=\"page\" data-id=\"69\">Impressionen<\/a><\/p>\n<\/div><\/div>\n\n\n\n<div style=\"height:40px\" aria-hidden=\"true\" class=\"wp-block-spacer\"><\/div>\n<\/div>\n<\/div>\n\n\n\n<div style=\"height:40px\" aria-hidden=\"true\" class=\"wp-block-spacer\"><\/div>\n<\/div><\/div>\n\n\n\n<!-- Specific -->\n<div class=\"d21-quickbook\" d21-widget-uuid=\"efaf2aeb-29eb-ec9a-c4f3-81235da6018c\"><\/div>\n<\/div><\/div>\n\n\n\n<div class=\"wp-block-cover alignfull\" style=\"min-height:300px;aspect-ratio:unset;\"><span aria-hidden=\"true\" class=\"wp-block-cover__background has-nv-dark-bg-background-color has-background-dim-100 has-background-dim\"><\/span><div class=\"wp-block-cover__inner-container is-layout-flow wp-block-cover-is-layout-flow\">\n<div style=\"height:54px\" aria-hidden=\"true\" class=\"wp-block-spacer\"><\/div>\n\n\n\n<h2 class=\"wp-block-heading has-text-align-center has-nv-text-dark-bg-color has-text-color\"><a href=\"https:\/\/reservation.one.dirs21.de\/altes-hinterhaeuselde?\" target=\"_blank\" rel=\"noreferrer noopener\">Buchen Sie jetzt und verbringen einen entspannten Urlaub in der sch\u00f6nen Silberstadt Freiberg.<\/a><\/h2>\n\n\n\n<p class=\"has-text-align-center\">Weitere Informationen gern nach Absprache!<\/p>\n\n\n\n<p class=\"has-text-align-center\"><a href=\"https:\/\/altes-hinterhaeusel.de\/schusterei\/kontakt\/\" data-type=\"page\" data-id=\"10\">Hinterh\u00e4usel Ensemble<\/a><\/p>\n\n\n\n<p class=\"has-text-align-center\"><a href=\"https:\/\/altes-hinterhaeusel.de\" target=\"_blank\" rel=\"noreferrer noopener\">www.altes-hinterhaeusel.de<\/a><\/p>\n<\/div><\/div>\n","protected":false},"excerpt":{"rendered":"<p>Stadtn\u00e4he Erkunden Sie von hier aus alle relevanten Sehensw\u00fcrdigkeiten der Stadt. Das Apartment Alte Schusterei begr\u00fc\u00dft Sie im historischen Stadtzentrum von Freiberg. Zum Bahnhof sind es 1,2 km, den Obermarkt mit Rathaus erreichen Sie in 300 m, der Untermarkt mit Freiberger Dom ist 350 m entfernt. Die Lage zwischen Dresden, Mei\u00dfen, und Chemnitz macht Freiberg&hellip;&nbsp;<a href=\"https:\/\/altes-hinterhaeusel.de\/schusterei\/\" rel=\"bookmark\">Weiterlesen &raquo;<span class=\"screen-reader-text\">Apartment Alte Schusterei<\/span><\/a><\/p>\n","protected":false},"author":1,"featured_media":0,"parent":0,"menu_order":0,"comment_status":"closed","ping_status":"closed","template":"","meta":{"neve_meta_sidebar":"default","neve_meta_container":"default","neve_meta_enable_content_width":"on","neve_meta_content_width":100,"neve_meta_title_alignment":"","neve_meta_author_avatar":"","neve_post_elements_order":"","neve_meta_disable_header":"","neve_meta_disable_footer":"","neve_meta_disable_title":"on","_themeisle_gutenberg_block_has_review":false,"footnotes":""},"class_list":["post-308","page","type-page","status-publish","hentry"],"_links":{"self":[{"href":"https:\/\/altes-hinterhaeusel.de\/schusterei\/wp-json\/wp\/v2\/pages\/308","targetHints":{"allow":["GET"]}}],"collection":[{"href":"https:\/\/altes-hinterhaeusel.de\/schusterei\/wp-json\/wp\/v2\/pages"}],"about":[{"href":"https:\/\/altes-hinterhaeusel.de\/schusterei\/wp-json\/wp\/v2\/types\/page"}],"author":[{"embeddable":true,"href":"https:\/\/altes-hinterhaeusel.de\/schusterei\/wp-json\/wp\/v2\/users\/1"}],"replies":[{"embeddable":true,"href":"https:\/\/altes-hinterhaeusel.de\/schusterei\/wp-json\/wp\/v2\/comments?post=308"}],"version-history":[{"count":63,"href":"https:\/\/altes-hinterhaeusel.de\/schusterei\/wp-json\/wp\/v2\/pages\/308\/revisions"}],"predecessor-version":[{"id":674,"href":"https:\/\/altes-hinterhaeusel.de\/schusterei\/wp-json\/wp\/v2\/pages\/308\/revisions\/674"}],"wp:attachment":[{"href":"https:\/\/altes-hinterhaeusel.de\/schusterei\/wp-json\/wp\/v2\/media?parent=308"}],"curies":[{"name":"wp","href":"https:\/\/api.w.org\/{rel}","templated":true}]}}